-4 = 2*t + 12. Let m be 12/t*8/(-6). Suppose 19 = -z + m*z. What is the units digit of z?
9
Suppose 13*w = 682 + 878. What is the units digit of w?
0
Suppose 0 = g + 4*s - 638, s - 116 = -g + 531. What is the hundreds digit of g?
6
Suppose -50 - 15 = -5*w. Suppose 0 = -3*z - w + 22. Suppose 0*t + l + 7 = 2*t, -4*t = -z*l - 19. What is the units digit of t?
1
Let n = -64 + 74. Suppose n = b - 66. What is the units digit of b?
6
Let a be (-996)/(-9) - (-1)/3. Suppose -128*b = -135*b + 392. Let o = a - b. What is the tens digit of o?
5
Let h = 2 + 0. Let f = -475 - -477. Suppose -h*i = -i - f, -3*y = i - 26. What is the units digit of y?
8
Let f be (-9)/(-2)*(-6 - -8). Suppose -4*a = 3*z + f, -4*z - 12 = -a - 3*a. What is the units digit of (-2)/(-12)*z*-46?
3
Suppose -5*z - 4440 = -5*r, -2*r = -4*z - 768 - 1012. What is the units digit of r?
6
Let l = -991 + 1708. What is the units digit of l?
7
Suppose 3*l - 2047 = 4*m, 5*m + 406 = l - 258. What is the units digit of l?
9
Let k(a) be the first derivative of a**2/2 + 35*a + 2. Let l = -244 - -259. What is the tens digit of k(l)?
5
Let t(p) = 2*p**2 - p - 21. Let b be t(0). Let v = 24 + b. What is the units digit of v?
3
Suppose 4*m - 25 + 1 = 0. Let a = -6 + m. Suppose -253 = -3*c + 5*i + 9, a = -3*c + 4*i + 257. What is the units digit of c?
9
Suppose -g = -5*y - 443, 2*g + 5*y = 611 + 335. What is the tens digit of g?
6
Let j = 2831 + -1610. What is the hundreds digit of j?
2
Let m(r) = 24*r**2 - r - 6. What is the thousands digit of m(7)?
1
Let w = 352 - 298. What is the tens digit of w?
5
What is the tens digit of 2/(-5) - (-1822257)/405?
9
Let q = 28 + -8. Suppose -w = -6*w - q. Let j = 20 + w. What is the tens digit of j?
1
Suppose -4*l + 383 = -13. Let y = -48 + l. What is the units digit of y?
1
Let p(w) = -w**2 - 4*w - 1. Let i be p(-3). Suppose -i*t - 235 = -7*t. Let m = 69 - t. What is the units digit of m?
2
Let i(n) = n**3 - 19*n**2 + 17*n + 12. Let b be i(18). Let p(d) = -9*d + 17. What is the units digit of p(b)?
1
Suppose 12 - 4 = -4*k. Let z be 4/k*237/(-6). Suppose 4*r - z - 33 = 0. What is the units digit of r?
8
Suppose -6*s = 19*s - 17900. What is the units digit of s?
6
Let i(j) = j**3 + 4*j**2 - 6*j + 2. Let n be i(-5). Suppose -n + 2 = -g. Suppose -g*l = -l - 44. What is the units digit of l?
1
Let x(i) = -i**3 - i + 35. Let f(z) = -z - 6. Let r = 4 + -10. Let m be f(r). What is the units digit of x(m)?
5
Let j(q) = 5*q + 1. Let d be j(1). Let a = -3 + d. Suppose 3 = 5*i + a*k, 4*k = -2*i + k - 6. What is the units digit of i?
3
Let k(c) = c**2 + c - 2. Let r be k(-3). Let j be 1884/r + (2 - 5). What is the tens digit of ((-1)/3)/((-4)/j)?
3
Let b(f) = -2*f**2 - 14*f - 9. Let z be b(-6). Suppose -g - 1 = -z, -4*u = g - 590. What is the hundreds digit of u?
1
Let j be (-195)/78*(-118)/5. What is the tens digit of 1/(1/4) - (-14514)/j?
5
Let u(x) = -7*x**3 + 18*x**2 - 13*x - 11. Let i(s) = 15*s**3 - 37*s**2 + 26*s + 22. Let b(z) = -6*i(z) - 13*u(z). What is the units digit of b(11)?
3
Let t = -13 - -19. Let z = 47 - t. Suppose -3*d = -z - 109. What is the tens digit of d?
5
Suppose 4*z + 21 = z. Let t = z + 5. Let y = t + 3. What is the units digit of y?
1
Let s(t) = 2382*t - 19. What is the units digit of s(1)?
3
Let v(a) = -2 - 4 - 2*a + 12*a**2 + a. What is the units digit of v(-3)?
5
Suppose 0 = -3*u + 5*u + 16. Let z = u + 12. Suppose n - z*n - 2*b + 3 = 0, 4 = 4*n + b. What is the units digit of n?
1
Let q(t) = 74*t - 6. Let j be q(-1). What is the tens digit of 0/(-3 + 1 - -3) - j?
8
Let x(b) = -b**3 - b. Let j be x(0). Suppose -12 = -5*g + g. Suppose 0 = -j*d + 2*d - l - 17, 0 = g*d - 5*l - 22. What is the units digit of d?
9
Suppose y = 2*y - 5*n - 33, 4*n = -5*y + 49. Let d = 80 - y. What is the tens digit of d?
6
Suppose -23 + 3 = -4*l, -3*m + 2*l + 7826 = 0. What is the tens digit of m?
1
Suppose -5*c + 20 = -c. Suppose 2*s = 6*w - 4*w - 166, -c*s = -3*w + 255. What is the tens digit of w?
8
Let f(x) be the third derivative of -x**6/60 - x**5/10 - x**4/3 + 7*x**3/6 - 13*x**2. What is the hundreds digit of f(-5)?
1
Suppose 224 + 469 = 11*g. Let s = g - 61. What is the units digit of s?
2
Suppose 5957 = 5*b + 22. What is the thousands digit of b?
1
Suppose -45 = -4*g + g. Let i = g + -8. Suppose i*u - 12*u = -195. What is the units digit of u?
9
Suppose 23*f - 104234 + 12050 = 0. What is the thousands digit of f?
4
Let h = -239 + 395. Suppose 2*p + 2*p + 4*r = h, -2*p = -4*r - 96. What is the units digit of p?
2
Let a(n) = 3*n + 3. Let d(o) = -2*o + 9. Let k be d(6). Let g be a(k). What is the units digit of (46/g)/(9/(-27))?
3
Suppose 569 = -5*t + 2664. Let g = t + -190. What is the units digit of g?
9
Let x(s) = s**2 - 13*s - 8. Let r be x(14). Suppose r*d - 976 = 344. What is the units digit of d?
0
Let w = 19 + -24. Let y be (-2)/w*(-9 + -11). Let j(a) = a**3 + 9*a**2 + 5*a + 1. What is the units digit of j(y)?
5
Let p be ((-72)/(-2))/(15/(-70)). Suppose -r + 4*q - 2*q = 20, -5*r + 2*q - 60 = 0. What is the tens digit of p/r + 2/10?
1
Suppose 9*p + 28 = 7*p. What is the units digit of (-1170)/(-126) + 4/p?
9
What is the hundreds digit of (-5 + -517)*(-4)/3?
6
Let d be -5*(0 + (-9)/15). Let q be 1/(-3) - (-458)/6. Suppose -2*y = 4*t - q, -5*y - 59 = -4*t + d. What is the tens digit of t?
1
Suppose 2*w + h = 729, 6*w = 5*w + 5*h + 337. What is the units digit of w?
2
Suppose c - 5*h = 2*c - 51, -5*c = -5*h - 135. Suppose c = -2*y + 59. Suppose y*a - 11*a = 174. What is the units digit of a?
8
Let o be 2/(-4) - (-15)/2. Let z(s) = -26*s - 16. Let k be z(-1). Let m = k - o. What is the units digit of m?
3
What is the units digit of (-1212)/7*((-21)/(-6))/(-1)?
6
Let q(c) = c**3 - 6*c**2 - 22*c + 42. What is the units digit of q(12)?
2
Let q(r) be the first derivative of 7*r**5/120 + 5*r**4/24 - 4*r**3/3 + 3. Let k(m) be the third derivative of q(m). What is the units digit of k(4)?
3
Let y(b) = 6*b - 8. Suppose -i - j + 16 = 0, 5*j + 16 = 5*i - 2*i. Let d be y(i). Let t = d + -37. What is the units digit of t?
7
Let c = 6 - 4. Suppose 100 = h + c*h + n, 2*h + 5*n = 71. Let f = h - 14. What is the tens digit of f?
1
Let i(a) = -a - 8 - 5 + 1. Let n be i(-15). Suppose -n*c + 3*b + 1 = -5, -3*b = -c. What is the units digit of c?
3
Let j = 264 - 61. What is the units digit of j?
3
Let r(l) = -52*l - 439. What is the hundreds digit of r(-29)?
0
Let o be (-1176)/(-10) - (-6)/(-10). Let z = o + -43. What is the units digit of z?
4
Let z(x) = -x**3 + 4*x**2 - 2*x - 5. Let a be z(3). What is the units digit of (-99)/27*36/a?
6
Suppose -2*g - 2*g = -3*n - 1164, 0 = -5*n. Let l = -160 + g. What is the tens digit of l?
3
Let p = 310 - -679. What is the tens digit of p?
8
Suppose -50 = -10*h - 560. Let t = h + 139. What is the tens digit of t?
8
Let y = 82 - 108. Let p = 45 + y. What is the units digit of p?
9
Let f(n) = n**3 - 14*n**2 + 18. Suppose 0*c + c + 5 = 0. Let j be 12 - 5/(c/2). What is the tens digit of f(j)?
1
Suppose 3*n - 955 = -4*d, n + 427 - 1629 = -5*d. What is the hundreds digit of d?
2
Suppose 3*v = -5*u + 2955, -v - 1053 = -4*u + 1311. What is the units digit of u?
1
Let i = -1073 + 1578. What is the tens digit of i?
0
Let o be 100*(3 + (-12)/16). What is the tens digit of (o/10)/(-9)*12/(-2)?
1
Suppose 5*i = -d + 6936 + 17033, d - 9587 = -2*i. What is the tens digit of i?
9
Suppose 6*j - 5628 - 2934 = 0. What is the tens digit of j?
2
Let j be 1 - (-1)/(2/(-8)). Let q be (1 + 6/j)*1. Let g(c) = 3*c**2 - c. What is the units digit of g(q)?
4
Let b be (-1)/(-3)*(35 - 5). What is the units digit of ((85 - -2) + 1)*(-9 + b)?
8
Suppose -g - 2*g = 471. Let l = 273 + g. What is the tens digit of l?
1
What is the tens digit of -3 + 1418 - (-160)/16?
2
Let j(v) be the second derivative of -v**3/6 + 7*v**2/2 - 4*v. Suppose 0 = -5*u + 8*u - 18. What is the units digit of j(u)?
1
Let w(n) = -n**2 - 12*n - 42 + 4*n + n - 23*n. What is the tens digit of w(-18)?
7
Suppose 5*l - 27 = -m, m + 2*l - 13 + 1 = 0. Suppose m*a + a = 2*u - 134, 65 = u - 2*a. What is the tens digit of u?
7
Let w(i) = 0 - 9 + 2 - 2 + 16*i. Let d be w(5). Let n = d - 38. What is the tens digit of n?
3
Suppose 15866 + 56197 = 51*o. What is the tens digit of o?
1
Let g(b) = -11*b + 11. Let r(f)